 -5*p - 1. What is u(-7)?
34
Let p(h) = -8*h + 3. What is p(-1)?
11
Let a(j) = j**2 - 5*j - 12. What is a(14)?
114
Let r(u) = u**2 - 43*u - 172. Give r(-4).
16
Let o(h) = -6*h**2 - 5*h + 10. What is o(-2)?
-4
Let p(g) = -g**2 + 13*g - 9. Determine p(8).
31
Let q(s) = 5*s**3 + 2*s - 1. Give q(1).
6
Let z(s) = 10*s**2 + 20*s - 10. What is z(-5)?
140
Let b(u) = u**3 + 3*u**2 - 2*u + 2. Calculate b(-4).
-6
Let f(v) = v**2 - 12*v + 7. Determine f(8).
-25
Let o(r) = r**3 + 10*r**2 - 9*r - 14. Give o(-11).
-36
Let y(w) = -3*w - 13. Determine y(-12).
23
Let u(g) = g**3 + 8*g**2 + 7*g + 6. Give u(-7).
6
Let j(l) = -l**2 + 14*l - 11. Give j(11).
22
Let v(p) = p**2 + 20*p + 73. Calculate v(-14).
-11
Let x(y) = y**2 - 34*y + 17. Give x(25).
-208
Let s(a) = -a**3 + 14*a**2 + 29*a + 38. Determine s(16).
-10
Let m(j) = 17*j + 18. Calculate m(-9).
-135
Let p(f) = f**3 + 12*f**2 + 3*f + 33. Calculate p(-12).
-3
Let k(v) = -4*v - 27. Determine k(-8).
5
Let y(s) = 4*s - 30. Give y(6).
-6
Let n(w) = 4*w**2 + 3*w + 2. Give n(-1).
3
Let j(h) = h**3 + 9*h**2 - 22*h. Give j(-11).
0
Let u(m) = m**3 + 67*m**2 - 3*m - 198. Determine u(-67).
3
Let f(i) = -2*i**2 + 17*i - 1. Give f(7).
20
Let k(c) = -2*c + 11. Calculate k(11).
-11
Let x(s) = s**2 + 15*s - 24. What is x(-17)?
10
Let v(l) = 8*l + 19. Calculate v(-7).
-37
Let q(v) = 4*v**2 - 54*v - 54. Determine q(-1).
4
Let d(o) = -8*o - 12. What is d(-1)?
-4
Let u(s) = -9*s**2 - 3*s + 3. Determine u(-3).
-69
Let w(v) = 2*v**2 + 73*v - 6. What is w(0)?
-6
Let g(p) = 2*p**2 + 48*p + 133. What is g(-21)?
7
Let d(n) = -n**3 - 25*n**2 + 26*n - 3. Calculate d(-26).
-3
Let p(c) = 90*c + 1265. What is p(-14)?
5
Let d(a) = -22*a - 324. Determine d(-14).
-16
Let i(y) = -14*y**2 + 2*y + 2. What is i(2)?
-50
Let a(x) = 2*x - 8. Determine a(3).
-2
Let m(a) = a**3 + 2*a**2 + 3*a + 3. What is m(-3)?
-15
Let v(q) = -q + 3. What is v(-8)?
11
Let a(s) = -8*s + 9. Give a(-5).
49
Let o(k) = -23*k**3 - 2*k**2 - 2*k - 3. Give o(-2).
177
Let m(w) = w**3 - 27*w**2 + 22*w + 99. Calculate m(26).
-5
Let q(m) = 2*m**2 - 22*m - 17. What is q(12)?
7
Let j(n) = -n**3 - 10*n**2 - 6*n + 13. Give j(-9).
-14
Let h(t) = -t**3 + 5*t**2 + 12*t - 18. What is h(6)?
18
Let c(d) = -d**2 + 16*d + 16. Determine c(17).
-1
Let z(k) = k**3 + 7*k**2 - 25*k - 12. Calculate z(-10).
-62
Let z(g) = 37*g**3 + g**2 + 2*g + 1. Calculate z(-1).
-37
Let x(d) = 10*d - 3. Determine x(3).
27
Let r(x) = x**2 - 21*x + 113. Give r(12).
5
Let g(n) = -n**3 + 9*n**2 - 19*n - 6. What is g(4)?
-2
Let w(l) = -l**3 + 4*l**2 - 2*l + 4. Calculate w(4).
-4
Let r(c) = -c**2 + 5*c + 11. Give r(6).
5
Let f(a) = -a**3 - 9*a**2 + 4*a - 1. What is f(-9)?
-37
Let k(v) = 7*v - 4. Calculate k(8).
52
Let w(t) = 2*t**2 - 6*t. What is w(5)?
20
Let v(h) = -h**2 + 20*h - 12. Calculate v(19).
7
Let h(t) = 2*t**2 + 2*t. Calculate h(-2).
4
Let o(n) = -4*n - 45. Calculate o(-14).
11
Let k(h) = -3*h - 149. What is k(-46)?
-11
Let y(p) = -6*p - 5. Give y(4).
-29
Let r(p) = 3*p - 3. What is r(-12)?
-39
Let u(z) = z**3 - 17*z**2 - 20*z + 29. What is u(18)?
-7
Let h(r) = 3*r - 6. Give h(-6).
-24
Let h(v) = 4*v + 84. What is h(-17)?
16
Let c(i) = -i**3 - 5*i**2 - 5*i - 6. Calculate c(-5).
19
Let d(m) = m**3 - 20*m**2 - 31*m + 212. What is d(21)?
2
Let z(s) = 56*s - 1001. Determine z(18).
7
Let d(n) = n**2 + 11*n - 3. What is d(-7)?
-31
Let b(r) = r**2 - 4*r + 9. Calculate b(8).
41
Let c(q) = -q**3 - q**2 - 4. Determine c(-3).
14
Let o(m) = m**3 - 16*m**2 - 16*m - 6. Determine o(17).
11
Let h(w) = -w**2 - 20*w - 20. Calculate h(-19).
-1
Let p(b) = -12*b**2 - b - 1. Calculate p(-2).
-47
Let d(q) = q**2 + 5*q - 9. Determine d(-5).
-9
Let j(l) = 2*l**2. Calculate j(2).
8
Let d(s) = s**3 - 7*s**2 + 2*s - 1. Calculate d(7).
13
Let d(v) = -2*v**2 - 7*v - 6. What is d(-5)?
-21
Let y(t) = 66*t - 991. Give y(15).
-1
Let l(y) = y**2 - 7*y + 9. Determine l(6).
3
Let f(p) = p**3 - 8*p**2 - 7*p - 26. What is f(9)?
-8
Let k(f) = -f**3 + 5*f**2 + 3*f - 5. What is k(6)?
-23
Let n(l) = -l**3 - 9*l**2 + 17*l + 24. Calculate n(-10).
-46
Let r(i) = -i**3 - i**2 - i + 46. Calculate r(0).
46
Let a(o) = -31*o + 141. Give a(5).
-14
Let l(w) = w**3 + 6*w**2 + 5*w. Give l(-4).
12
Let p(z) = -z**3 + 9*z**2 - 9*z + 1. Determine p(7).
36
Let k(m) = -m**3 + 6*m**2 + 2*m + 6. Determine k(7).
-29
Let r(k) = k**3 - 3*k**2 + 5*k - 5. Determine r(3).
10
Let d(r) = -2*r**3 + r**2 + 4*r - 2. Give d(3).
-35
Let h(y) = y**3 - 4*y**2 + 2*y + 6. Calculate h(4).
14
Let s(l) = l**2 - 10*l + 15. Give s(6).
-9
Let d(r) = -r**2 + 7*r + 17. Determine d(-4).
-27
Let f(u) = u**2 + 7*u - 18. Give f(-11).
26
Let z(n) = -n**2 - 10*n - 1. What is z(-11)?
-12
Let g(a) = -a**2 + 2*a + 25. What is g(6)?
1
Let d(z) = 5*z - 9. Determine d(0).
-9
Let j(m) = m - 45. Calculate j(25).
-20
Let u(q) = q**3 - 34*q**2 + 33*q. What is u(33)?
0
Let v(b) = b + 8. Calculate v(-5).
3
Let k(p) = -p - 16. Calculate k(-18).
2
Let x(g) = -3*g**2 - 65*g - 46. Determine x(-21).
-4
Let t(o) = -o**3 + 2*o**2 + 10*o - 7. Calculate t(5).
-32
Let n(p) = -4*p - 1. Give n(-1).
3
Let p(c) = -c**2 + 13*c - 6. Calculate p(13).
-6
Let b(w) = -w**2 + 7*w - 10. Determine b(7).
-10
Let t(a) = -a**2 - 8*a - 14. What is t(-6)?
-2
Let y(b) = b**2 - 6*b + 6. Calculate y(4).
-2
Let a(n) = n**2 - 8*n + 9. What is a(7)?
2
Let p(u) = -u**3 + 10*u**2 - 4*u + 15. Determine p(7).
134
Let c(j) = 4*j - 7. Determine c(1).
-3
Let q(v) = -7*v + 25. Determine q(0).
25
Let w(c) = c**3 + 7*c**2 + c + 13. Give w(-7).
6
Let b(u) = -4*u**2 - 2*u - 3. Determine b(-2).
-15
Let w(v) = -2*v**3 - 2*v**2 + 2*v - 1. Give w(2).
-21
Let l(a) = -5*a**2 - a. Give l(1).
-6
Let a(j) = 5*j + 20. What is a(-4)?
0
Let z(b) = 2*b**2 + 5*b - 5. Determine z(-5).
20
Let w(d) = -2*d - 19. What is w(-14)?
9
Let u(m) = m**3 - 8*m**2 + 10*m - 15. Calculate u(7).
6
Let q(x) = x**3 + 3*x**2 - x + 13. Calculate q(-4).
1
Let s(b) = -73*b - 8. What is s(-2)?
138
Let i(p) = -p**3 + 5*p**2 - 9*p + 12. What is i(2)?
6
Let k(g) = 15*g**3 - 2*g - 3. Determine k(-1).
-16
Let q(i) = -2*i - 11. Give q(-1).
-9
Let d(h) = h + 46. Calculate d(34).
80
Let t(w) = w**2 + 4*w - 72. Give t(-10).
-12
Let f(i) = -16*i - 263. Give f(-16).
-7
Let s(x) = x**3 - 20*x**2 + 66*x - 35. What is s(16)?
-3
Let x(r) = r**2 + 15*r - 44. Give x(-17).
-10
Let h(g) = -g**3 - 5*g**2 - g - 4. Give h(-5).
1
Let q(k) = 2*k**3 - 5*k**2 + 9*k + 5. Calculate q(2).
19
Let u(l) = 45*l**3 + l - 1. What is u(1)?
45
Let o(u) = u**2 - 11*u + 18. What is o(8)?
-6
Let l(u) = -u**2 + 6*u + 10. Calculate l(6).
10
Let q(z) = -2*z**3 + 8*z**2 + 4*z - 21. Determine q(4).
-5
Let c(q) = q**3 - 6*q**2 + 2*q + 3. Give c(5).
-12
Let d(f) = -7*f - 19. Calculate d(-8).
37
Let v(l) = -4*l. What is v(-1)?
4
Let l(r) = -4*r**2 - 5*r - 5. What is l(-1)?
-4
Let i(f) = 10*f - 114. Calculate i(0).
-114
Let s(k) = 4*k + 7. Calculate s(-10).
-33
Let x(r) = 25*r - 37. Determine x(6).
113
Let x(p) = -p**2 - 4*p - 3. Determine x(-3).
0
Let q(w) = -w**3 - 6*w**2 + w - 8. What is q(-6)?
-14
Let z(j) = -j**3 - 37*j**2 + 38*j + 1. Determine z(-38).
1
Let y(p) = -19*p - 174. Determine y(-9).
-3
Let z(v) = 31*v**3 + v. Determine z(1).
32
Let b(h) = 4*h - 70. Calculate b(21).
14
Let p(t) = -16*t - 41. What is p(-10)?
119
Let a(o) = -2*o**3 - o**2 - 2. Give a(2).
-22
Let t(q) = -q**3 + 8*q**2 + q - 8. Calculate t(8).
0
Let i(v) = 23*v + 1564. Give i(-68).
0
Let u(y) = y**2 - 3*y + 9. What is u(7)?
37
Let q(p) = -7*p - 58. What is q(-7)?
-9
Let s(y) = 11*y - 40. Calculate s(4).
4
Let v(k) = 10*k**3 - 3*k + 1. Calculate v(2).
75
Let v(h) = 2*h**3 - h**2 - h + 1. What is v(-1)?
-1
Let p(r) = 4*r. Calculate p(1).
4
Let v(t) = -t**3 - 11*t**2 - 11*t - 1. What is v(-10)?
9
Let n(p) = 4*p + 4. Give n(-2).
-4
Let q(t) = 2*t**2 + 26*t + 9. Determine q(-15).
69
Let f(z) = -5*z - 101. Determine f(-21).
4
Let t(f) = -6*f + 1. Determine t(3).
-17
Let r(s) = s**3 - 5*s**2 - 6*s + 32. Give r(5).
2
Let j(k) = -2*k + 11. What is j(5)?
1
Let v(k) = k**3 - 10*k**2 - k + 8. What is v(10)?
-2
Let x(c) = 5*c**2 + 92*c - 37. Calculate x(-19).
20
Let g(k) = -3*k + 16. Determine g(8).
-8
Let i(y) = 8*y - 221. Calculate i(27).
-5
Let a(t) = 109*t - 5. Determine a(0).
-5
Let g(u) = -5*u**2 - u - 107. Calculate g(0).
-107
Let n(t) = -5*t + 106. Determine n(21